on factor of 9 and 738.
9
Calculate the highest common divisor of 52 and 4849.
13
Calculate the highest common divisor of 413 and 8909.
59
Calculate the highest common factor of 584 and 48.
8
Calculate the highest common divisor of 19 and 76.
19
Calculate the highest common divisor of 666 and 270.
18
What is the greatest common divisor of 880 and 275?
55
What is the highest common divisor of 54 and 135?
27
What is the greatest common factor of 99 and 165?
33
What is the highest common factor of 7 and 5131?
7
Calculate the highest common factor of 31176 and 48.
24
What is the greatest common factor of 23946 and 156?
78
What is the greatest common factor of 108 and 96?
12
What is the greatest common divisor of 264 and 66?
66
Calculate the greatest common divisor of 13069 and 7.
7
What is the greatest common divisor of 10 and 2710?
10
What is the highest common divisor of 112 and 5648?
16
Calculate the highest common factor of 260 and 120.
20
Calculate the highest common factor of 26 and 39.
13
What is the greatest common divisor of 16677 and 153?
153
Calculate the highest common divisor of 8 and 3920.
8
Calculate the highest common factor of 125 and 675.
25
What is the greatest common divisor of 36 and 1476?
36
What is the greatest common divisor of 3174 and 92?
46
What is the greatest common divisor of 1156 and 3757?
289
Calculate the highest common factor of 315 and 405.
45
Calculate the highest common divisor of 315 and 756.
63
What is the greatest common factor of 55 and 7447?
11
What is the highest common factor of 475 and 57?
19
What is the highest common factor of 86 and 24166?
86
Calculate the highest common divisor of 9 and 9939.
3
Calculate the highest common factor of 308 and 2968.
28
Calculate the highest common factor of 47112 and 312.
312
What is the highest common divisor of 280 and 260?
20
What is the greatest common divisor of 104 and 4680?
104
What is the highest common divisor of 371 and 1007?
53
Calculate the highest common divisor of 774 and 18.
18
Calculate the highest common divisor of 430 and 190.
10
Calculate the greatest common factor of 32 and 28.
4
What is the greatest common divisor of 31 and 217?
31
Calculate the greatest common divisor of 549 and 7076.
61
What is the greatest common factor of 115 and 23?
23
Calculate the greatest common divisor of 3621 and 153.
51
Calculate the highest common factor of 208 and 384.
16
Calculate the highest common divisor of 2276 and 12.
4
What is the greatest common factor of 12 and 92?
4
Calculate the greatest common factor of 594 and 22.
22
What is the greatest common divisor of 85 and 80?
5
Calculate the highest common factor of 263 and 1.
1
Calculate the greatest common factor of 248 and 10354.
62
Calculate the highest common factor of 50 and 350.
50
Calculate the greatest common divisor of 26 and 8242.
26
Calculate the greatest common divisor of 15 and 15.
15
Calculate the greatest common factor of 9 and 612.
9
What is the greatest common divisor of 450 and 306?
18
Calculate the highest common factor of 115 and 85.
5
Calculate the highest common divisor of 86 and 1849.
43
What is the greatest common factor of 250 and 50?
50
What is the greatest common divisor of 18411 and 51?
51
Calculate the highest common divisor of 256 and 8.
8
What is the highest common factor of 21 and 7287?
21
What is the highest common divisor of 25647 and 498?
249
Calculate the highest common divisor of 176 and 4.
4
What is the greatest common factor of 312 and 1404?
156
Calculate the highest common divisor of 3375 and 275.
25
Calculate the greatest common divisor of 19 and 76.
19
Calculate the greatest common divisor of 3388 and 1204.
28
What is the highest common factor of 110 and 1738?
22
Calculate the highest common factor of 6 and 4.
2
Calculate the greatest common factor of 238 and 1785.
119
Calculate the greatest common divisor of 273 and 336.
21
Calculate the highest common factor of 33 and 297.
33
What is the highest common divisor of 10 and 23990?
10
What is the highest common factor of 725 and 29?
29
What is the highest common divisor of 53 and 4187?
53
What is the highest common divisor of 935 and 153?
17
What is the highest common divisor of 77 and 99?
11
What is the highest common divisor of 58 and 26042?
58
Calculate the highest common factor of 1044 and 36.
36
What is the highest common factor of 57 and 4047?
57
Calculate the greatest common factor of 66924 and 396.
396
Calculate the greatest common factor of 32 and 304.
16
Calculate the highest common factor of 3195 and 45.
45
Calculate the greatest common divisor of 75 and 100.
25
Calculate the greatest common divisor of 93 and 775.
31
What is the greatest common divisor of 164494 and 22?
22
Calculate the highest common factor of 60 and 640.
20
What is the highest common factor of 240 and 220?
20
Calculate the highest common factor of 4 and 52.
4
What is the greatest common factor of 413 and 59?
59
What is the highest common factor of 93661 and 229?
229
Calculate the greatest common factor of 6 and 15546.
6
What is the highest common factor of 2360 and 200?
40
Calculate the highest common factor of 31 and 155.
31
What is the greatest common divisor of 12 and 81?
3
What is the greatest common divisor of 2070 and 360?
90
What is the greatest common factor of 41 and 943?
41
What is the greatest common divisor of 938 and 28?
14
Calculate the highest common factor of 154 and 253.
11
What is the greatest common divisor of 104 and 2168?
8
What is the greatest common factor of 871 and 67?
67
Calculate the highest common divisor of 414 and 72.
18
What is the greatest common factor of 98 and 1862?
98
What is the highest common factor of 263 and 3945?
263
Calculate the greatest common divisor of 9270 and 162.
18
Calculate the greatest common factor of 88 and 924.
44
Calculate the greatest common divisor of 63 and 231.
21
Calculate the highest common factor of 78 and 5356.
26
What is the highest common factor of 3328 and 169?
13
What is the highest common factor of 226 and 21583?
113
Calculate the highest common divisor of 102 and 4998.
102
What is the greatest common divisor of 72 and 38856?
24
What is the greatest common divisor of 14 and 266?
14
What is the greatest common divisor of 2366 and 5408?
338
What is the highest common divisor of 78 and 637?
13
Calculate the greatest common factor of 66 and 231.
33
Calculate the highest common divisor of 74 and 3811.
37
Calculate the highest common divisor of 2888 and 44.
4
What is the greatest common factor of 60 and 2316?
12
What is the greatest common divisor of 1892 and 88?
44
What is the highest common factor of 400 and 500?
100
Calculate the greatest common divisor of 9 and 24.
3
What is the greatest common factor of 340 and 102?
34
Calculate the greatest common factor of 4836 and 93.
93
Calculate the greatest common factor of 1746 and 180.
18
Calculate the greatest common factor of 55 and 170.
5
Calculate the greatest common divisor of 500 and 16900.
100
Calculate the highest common factor of 304 and 19.
19
Calculate the highest common factor of 4 and 48.
4
What is the highest common factor of 265 and 95?
5
Calculate the greatest common divisor of 118 and 16.
2
What is the highest common factor of 99 and 11?
11
Calculate the highest common factor of 398 and 2.
2
Calculate the greatest common divisor of 4 and 236.
4
What is the highest common factor of 100 and 16?
4
What is the greatest common divisor of 41 and 205?
41
Calculate the highest common divisor of 38 and 703.
19
What is the highest common factor of 6324 and 279?
93
What is the greatest common factor of 6231 and 558?
93
Calculate the highest common factor of 4674 and 798.
114
Calculate the highest common factor of 243 and 864.
27
What is the greatest common divisor of 2030 and 10?
10
What is the greatest common factor of 36 and 2556?
36
What is the greatest common factor of 56 and 406?
14
Calculate the greatest common factor of 48 and 6288.
48
What is the greatest common divisor of 95 and 1387?
19
Calculate the greatest common factor of 21592 and 8.
8
Calculate the highest common factor of 43 and 3569.
43
What is the greatest common divisor of 20 and 140?
20
Calculate the highest common factor of 8 and 4952.
8
What is the greates